{"id":77,"date":"2025-05-28T17:34:36","date_gmt":"2025-05-28T15:34:36","guid":{"rendered":"https:\/\/atacama.staging.sisyphecom.fr\/?page_id=77"},"modified":"2025-07-11T10:59:05","modified_gmt":"2025-07-11T08:59:05","slug":"a-propos","status":"publish","type":"page","link":"https:\/\/atacama.staging.sisyphecom.fr\/index.php\/a-propos\/","title":{"rendered":"ATACAMA"},"content":{"rendered":"\n<figure class=\"wp-block-image size-large\"><img loading=\"lazy\" decoding=\"async\" width=\"1708\" height=\"960\" src=\"https:\/\/atacama.staging.sisyphecom.fr\/wp-content\/uploads\/2025\/07\/atacama-livres-edited.jpg\" alt=\"\" class=\"wp-image-230\" style=\"object-fit:cover\" srcset=\"https:\/\/atacama.staging.sisyphecom.fr\/wp-content\/uploads\/2025\/07\/atacama-livres-edited.jpg 1708w, https:\/\/atacama.staging.sisyphecom.fr\/wp-content\/uploads\/2025\/07\/atacama-livres-edited-300x169.jpg 300w, https:\/\/atacama.staging.sisyphecom.fr\/wp-content\/uploads\/2025\/07\/atacama-livres-edited-1024x576.jpg 1024w, https:\/\/atacama.staging.sisyphecom.fr\/wp-content\/uploads\/2025\/07\/atacama-livres-edited-768x432.jpg 768w, https:\/\/atacama.staging.sisyphecom.fr\/wp-content\/uploads\/2025\/07\/atacama-livres-edited-1536x863.jpg 1536w, https:\/\/atacama.staging.sisyphecom.fr\/wp-content\/uploads\/2025\/07\/atacama-livres-edited-416x234.jpg 416w\" sizes=\"auto, (max-width: 1708px) 100vw, 1708px\" \/><\/figure>\n\n\n\n<p>Bienvenue aux \u00e9ditions Atacama&nbsp;!&nbsp;<\/p>\n\n\n\n<p>Atacama \u00c9ditions est n\u00e9e de l\u2019amour du livre et de la passion du texte.<\/p>\n\n\n\n<p>C\u2019est une entreprise alternative, \u00e0 l\u2019\u00e9coute de ses lecteurs qui sont aussi ses contributeurs. Une seule condition pour cela&nbsp;: faire partie du Club Atacama.<\/p>\n\n\n\n<p>Nos domaines-cibles sont la philosophie, l\u2019art, la litt\u00e9rature, les livres pour enfants et les romans graphiques. Exceptionnellement, nous publierons des t\u00e9moignages, m\u00e9moires ou r\u00e9cits. Atacama est avant tout guid\u00e9e par la recherche de l\u2019excellence. Nous produisons des livres&nbsp;imm\u00e9diatement reconnaissables : qualit\u00e9 du papier, couverture, couleurs et dessins d\u2019artistes.<\/p>\n\n\n\n<p><br>Atacama se distingue par son originalit\u00e9, sa cr\u00e9ativit\u00e9, son exigence. <\/p>\n\n\n\n<p>Beaucoup pr\u00e9disent la fin du livre, balay\u00e9 par la temp\u00eate num\u00e9rique. Nous pensons, au contraire, que les livres sont des objets essentiels, nobles et irrempla\u00e7ables. Leur contenu doit sans cesse nous interroger, surprendre et \u00e9merveiller.<\/p>\n","protected":false},"excerpt":{"rendered":"<p>Bienvenue aux \u00e9ditions Atacama&nbsp;!&nbsp; Atacama \u00c9ditions est n\u00e9e de l\u2019amour du livre et de la passion du texte. C\u2019est une entreprise alternative, \u00e0 l\u2019\u00e9coute de ses lecteurs qui sont aussi ses contributeurs. Une seule condition pour cela&nbsp;: faire partie du Club Atacama. Nos domaines-cibles sont la philosophie, l\u2019art, la litt\u00e9rature, les livres pour enfants et [&hellip;]<\/p>\n","protected":false},"author":1,"featured_media":0,"parent":0,"menu_order":0,"comment_status":"closed","ping_status":"closed","template":"","meta":{"_coblocks_attr":"","_coblocks_dimensions":"","_coblocks_responsive_height":"","_coblocks_accordion_ie_support":"","footnotes":""},"class_list":["post-77","page","type-page","status-publish","hentry"],"_links":{"self":[{"href":"https:\/\/atacama.staging.sisyphecom.fr\/index.php\/wp-json\/wp\/v2\/pages\/77","targetHints":{"allow":["GET"]}}],"collection":[{"href":"https:\/\/atacama.staging.sisyphecom.fr\/index.php\/wp-json\/wp\/v2\/pages"}],"about":[{"href":"https:\/\/atacama.staging.sisyphecom.fr\/index.php\/wp-json\/wp\/v2\/types\/page"}],"author":[{"embeddable":true,"href":"https:\/\/atacama.staging.sisyphecom.fr\/index.php\/wp-json\/wp\/v2\/users\/1"}],"replies":[{"embeddable":true,"href":"https:\/\/atacama.staging.sisyphecom.fr\/index.php\/wp-json\/wp\/v2\/comments?post=77"}],"version-history":[{"count":8,"href":"https:\/\/atacama.staging.sisyphecom.fr\/index.php\/wp-json\/wp\/v2\/pages\/77\/revisions"}],"predecessor-version":[{"id":237,"href":"https:\/\/atacama.staging.sisyphecom.fr\/index.php\/wp-json\/wp\/v2\/pages\/77\/revisions\/237"}],"wp:attachment":[{"href":"https:\/\/atacama.staging.sisyphecom.fr\/index.php\/wp-json\/wp\/v2\/media?parent=77"}],"curies":[{"name":"wp","href":"https:\/\/api.w.org\/{rel}","templated":true}]}}